{"id":963,"date":"2018-10-29T10:54:10","date_gmt":"2018-10-29T09:54:10","guid":{"rendered":"https:\/\/www.openzink.org\/openzink-day-chiclana-2018\/?page_id=963"},"modified":"2018-11-29T09:42:11","modified_gmt":"2018-11-29T08:42:11","slug":"sherrycard","status":"publish","type":"page","link":"https:\/\/www.openzink.org\/openzink-day-chiclana-2018\/patrocinadores\/sherrycard\/","title":{"rendered":"Patrocinador BRONCE: Sherrycard"},"content":{"rendered":"\n<figure class=\"wp-block-image\"><img loading=\"lazy\" width=\"300\" height=\"165\" src=\"https:\/\/www.openzink.org\/openzink-day-chiclana-2018\/wp-content\/uploads\/sites\/2\/2018\/10\/logo-sherrycard.png\" alt=\"Patrocinador: SherryCard\" class=\"wp-image-743\"\/><\/figure>\n\n\n\n<p><a href=\"https:\/\/sherrycard.com\/\" target=\"_blank\" rel=\"noreferrer noopener\">Sherrycard<\/a> es una empresa de publicidad que a\u00fana servicios de imprenta, serigraf\u00eda y rotulaci\u00f3n. Aunque estamos en C\u00e1diz trabajamos para clientes de toda Espa\u00f1a, ofreciendo una gran variedad de productos a unos precios muy competitivos e incluyendo el env\u00edo en casi todos nuestros productos.<\/p>\n\n\n\n<p>Ofrecemos tarjetas de visitas, folletos o flyers, dipticos, tripticos, talonarios, carteles para inmobiliarias, rollups, lonas publicitarias, banderas, banners, pancartas, soportes r\u00edgidos tales como forex, polipropileno, metacrilato\u2026 Ropa de trabajo con y sin personalizaci\u00f3n, vinilo textil de corte e impresi\u00f3n, y mucho mas.<\/p>\n\n\n\n<p>Tambi\u00e9n ofrecemos servicio de dise\u00f1o gr\u00e1fico tanto si adquieres alg\u00fan producto impreso como si no. Gracias a nuestras herramientas inform\u00e1ticas es casi como si estuviera sentado al lado de dise\u00f1ador.<\/p>\n\n\n\n<p>Trabajamos tanto para clientes locales (Jerez de la Frontera, C\u00e1diz, Algeciras, San Fernando, el Puerto de Santa Mar\u00eda, Chiclana de la Frontera, Sanlucar de barrameda\u2026), como para nacionales (Madrid, Barcelona, Valencia, Sevilla, Alicante, M\u00e1laga, Murcia\u2026)<\/p>\n\n\n\n<p>Visita nuestra p\u00e1gina web e inf\u00f3rmate sobre todo lo que hacemos lo mejor de nuestra empresa es que con un solo proveedor tendr\u00e1s cubierta la mayor\u00eda de necesidades de publicidad de tu empresa.<\/p>\n\n\n\n<p><em>Sherrycard<\/em><br><em>C\/ Cristaler\u00eda 30<\/em><br><em>Tel: 956 92 04 03<\/em><br><em>https:\/\/sherrycard.com<\/em><br><em>comercial@sherrycard.com<\/em><\/p>\n","protected":false},"excerpt":{"rendered":"<p>Sherrycard es una empresa de publicidad que a\u00fana servicios de imprenta, serigraf\u00eda y rotulaci\u00f3n. Aunque estamos en C\u00e1diz trabajamos para clientes de toda Espa\u00f1a, ofreciendo una gran variedad de productos a unos precios muy competitivos e incluyendo el env\u00edo en casi todos nuestros productos. Ofrecemos tarjetas de visitas, folletos o flyers, dipticos, tripticos, talonarios, carteles &hellip; <a href=\"https:\/\/www.openzink.org\/openzink-day-chiclana-2018\/patrocinadores\/sherrycard\/\" class=\"more-link\">Sigue leyendo <span class=\"screen-reader-text\">Patrocinador BRONCE: Sherrycard<\/span><\/a><\/p>\n","protected":false},"author":3,"featured_media":0,"parent":29,"menu_order":0,"comment_status":"closed","ping_status":"closed","template":"","meta":[],"yoast_head":"<!-- This site is optimized with the Yoast SEO plugin v14.9 - https:\/\/yoast.com\/wordpress\/plugins\/seo\/ -->\n<title>Patrocinador BRONCE: Sherrycard - openzink day Chiclana 2018<\/title>\n<meta name=\"robots\" content=\"index, follow, max-snippet:-1, max-image-preview:large, max-video-preview:-1\" \/>\n<link rel=\"canonical\" href=\"https:\/\/www.openzink.org\/openzink-day-chiclana-2018\/patrocinadores\/sherrycard\/\" \/>\n<meta property=\"og:locale\" content=\"es_ES\" \/>\n<meta property=\"og:type\" content=\"article\" \/>\n<meta property=\"og:title\" content=\"Patrocinador BRONCE: Sherrycard - openzink day Chiclana 2018\" \/>\n<meta property=\"og:description\" content=\"Sherrycard es una empresa de publicidad que a\u00fana servicios de imprenta, serigraf\u00eda y rotulaci\u00f3n. Aunque estamos en C\u00e1diz trabajamos para clientes de toda Espa\u00f1a, ofreciendo una gran variedad de productos a unos precios muy competitivos e incluyendo el env\u00edo en casi todos nuestros productos. Ofrecemos tarjetas de visitas, folletos o flyers, dipticos, tripticos, talonarios, carteles &hellip; Sigue leyendo Patrocinador BRONCE: Sherrycard\" \/>\n<meta property=\"og:url\" content=\"https:\/\/www.openzink.org\/openzink-day-chiclana-2018\/patrocinadores\/sherrycard\/\" \/>\n<meta property=\"og:site_name\" content=\"openzink day Chiclana 2018\" \/>\n<meta property=\"article:modified_time\" content=\"2018-11-29T08:42:11+00:00\" \/>\n<meta property=\"og:image\" content=\"https:\/\/www.openzink.org\/openzink-day-chiclana-2018\/wp-content\/uploads\/sites\/2\/2018\/10\/logo-sherrycard.png\" \/>\n<meta name=\"twitter:card\" content=\"summary_large_image\" \/>\n<script type=\"application\/ld+json\" class=\"yoast-schema-graph\">{\"@context\":\"https:\/\/schema.org\",\"@graph\":[{\"@type\":\"WebSite\",\"@id\":\"https:\/\/www.openzink.org\/openzink-day-chiclana-2018\/#website\",\"url\":\"https:\/\/www.openzink.org\/openzink-day-chiclana-2018\/\",\"name\":\"openzink day Chiclana 2018\",\"description\":\"e-commerce, marketing digital y negocios online\",\"potentialAction\":[{\"@type\":\"SearchAction\",\"target\":\"https:\/\/www.openzink.org\/openzink-day-chiclana-2018\/?s={search_term_string}\",\"query-input\":\"required name=search_term_string\"}],\"inLanguage\":\"es\"},{\"@type\":\"ImageObject\",\"@id\":\"https:\/\/www.openzink.org\/openzink-day-chiclana-2018\/patrocinadores\/sherrycard\/#primaryimage\",\"inLanguage\":\"es\",\"url\":\"https:\/\/www.openzink.org\/openzink-day-chiclana-2018\/wp-content\/uploads\/sites\/2\/2018\/10\/logo-sherrycard.png\",\"width\":300,\"height\":165,\"caption\":\"Patrocinador: SherryCard\"},{\"@type\":\"WebPage\",\"@id\":\"https:\/\/www.openzink.org\/openzink-day-chiclana-2018\/patrocinadores\/sherrycard\/#webpage\",\"url\":\"https:\/\/www.openzink.org\/openzink-day-chiclana-2018\/patrocinadores\/sherrycard\/\",\"name\":\"Patrocinador BRONCE: Sherrycard - openzink day Chiclana 2018\",\"isPartOf\":{\"@id\":\"https:\/\/www.openzink.org\/openzink-day-chiclana-2018\/#website\"},\"primaryImageOfPage\":{\"@id\":\"https:\/\/www.openzink.org\/openzink-day-chiclana-2018\/patrocinadores\/sherrycard\/#primaryimage\"},\"datePublished\":\"2018-10-29T09:54:10+00:00\",\"dateModified\":\"2018-11-29T08:42:11+00:00\",\"inLanguage\":\"es\",\"potentialAction\":[{\"@type\":\"ReadAction\",\"target\":[\"https:\/\/www.openzink.org\/openzink-day-chiclana-2018\/patrocinadores\/sherrycard\/\"]}]}]}<\/script>\n<!-- \/ Yoast SEO plugin. -->","_links":{"self":[{"href":"https:\/\/www.openzink.org\/openzink-day-chiclana-2018\/wp-json\/wp\/v2\/pages\/963"}],"collection":[{"href":"https:\/\/www.openzink.org\/openzink-day-chiclana-2018\/wp-json\/wp\/v2\/pages"}],"about":[{"href":"https:\/\/www.openzink.org\/openzink-day-chiclana-2018\/wp-json\/wp\/v2\/types\/page"}],"author":[{"embeddable":true,"href":"https:\/\/www.openzink.org\/openzink-day-chiclana-2018\/wp-json\/wp\/v2\/users\/3"}],"replies":[{"embeddable":true,"href":"https:\/\/www.openzink.org\/openzink-day-chiclana-2018\/wp-json\/wp\/v2\/comments?post=963"}],"version-history":[{"count":4,"href":"https:\/\/www.openzink.org\/openzink-day-chiclana-2018\/wp-json\/wp\/v2\/pages\/963\/revisions"}],"predecessor-version":[{"id":1194,"href":"https:\/\/www.openzink.org\/openzink-day-chiclana-2018\/wp-json\/wp\/v2\/pages\/963\/revisions\/1194"}],"up":[{"embeddable":true,"href":"https:\/\/www.openzink.org\/openzink-day-chiclana-2018\/wp-json\/wp\/v2\/pages\/29"}],"wp:attachment":[{"href":"https:\/\/www.openzink.org\/openzink-day-chiclana-2018\/wp-json\/wp\/v2\/media?parent=963"}],"curies":[{"name":"wp","href":"https:\/\/api.w.org\/{rel}","templated":true}]}}