{"id":969,"date":"2018-10-29T11:04:13","date_gmt":"2018-10-29T10:04:13","guid":{"rendered":"https:\/\/www.openzink.org\/openzink-day-chiclana-2018\/?page_id=969"},"modified":"2018-11-29T09:42:11","modified_gmt":"2018-11-29T08:42:11","slug":"webempresa","status":"publish","type":"page","link":"https:\/\/www.openzink.org\/openzink-day-chiclana-2018\/patrocinadores\/webempresa\/","title":{"rendered":"Patrocinador BRONCE: Webempresa"},"content":{"rendered":"\n<p>Hosting confiable para WordPress creado con mucho cari\u00f1o.<br><br>\nSabemos que cualquier persona que monta una web, una tienda online o un \nblog, deposita toda su ilusi\u00f3n, recursos y tiempo en que su proyecto \nsalga adelante.<br>\nNosotros aportamos la confianza de que todo ir\u00e1 bien.<br>\n\u00bfEst\u00e1s list@ para lanzar tu mensaje al mundo? \ud83d\ude42<br><br>\nUNA CULTURA DE EMPRESA DIFERENTE<br>\nOfrecerte un servicio y una atenci\u00f3n de calidad pasa necesariamente por \nestar a tu lado cuando lo necesitas, sea la hora que sea, los 365 d\u00edas \ndel a\u00f1o, en fines de semana, festivos.<br><br>\n44.000 personas ya han dejado en nuestras manos su proyecto Web. No nos cansamos de darles las gracias por ello.<br>\n\u00a1Gracias!<br>\n21 a\u00f1os ayudando a emprendedores y empresas a tener presencia en Internet.<br>\nCreemos que nos espera un futuro a\u00fan m\u00e1s prometedor, \u00bfquieres formar parte de \u00e9l?<\/p>\n\n\n\n<p>Ver m\u00e1s sobre <a href=\"https:\/\/www.webempresa.com\/hosting\/hosting-web.html\" target=\"_blank\" rel=\"noreferrer noopener\" aria-label=\"Ver m\u00e1s sobre Webempresa (abre en una nueva pesta\u00f1a)\">Webempresa<\/a><\/p>\n","protected":false},"excerpt":{"rendered":"<p>Hosting confiable para WordPress creado con mucho cari\u00f1o. Sabemos que cualquier persona que monta una web, una tienda online o un blog, deposita toda su ilusi\u00f3n, recursos y tiempo en que su proyecto salga adelante. Nosotros aportamos la confianza de que todo ir\u00e1 bien. \u00bfEst\u00e1s list@ para lanzar tu mensaje al mundo? \ud83d\ude42 UNA CULTURA &hellip; <a href=\"https:\/\/www.openzink.org\/openzink-day-chiclana-2018\/patrocinadores\/webempresa\/\" class=\"more-link\">Sigue leyendo <span class=\"screen-reader-text\">Patrocinador BRONCE: Webempresa<\/span><\/a><\/p>\n","protected":false},"author":3,"featured_media":920,"parent":29,"menu_order":0,"comment_status":"closed","ping_status":"closed","template":"","meta":[],"yoast_head":"<!-- This site is optimized with the Yoast SEO plugin v14.9 - https:\/\/yoast.com\/wordpress\/plugins\/seo\/ -->\n<title>Patrocinador BRONCE: Webempresa - openzink day Chiclana 2018<\/title>\n<meta name=\"robots\" content=\"index, follow, max-snippet:-1, max-image-preview:large, max-video-preview:-1\" \/>\n<link rel=\"canonical\" href=\"https:\/\/www.openzink.org\/openzink-day-chiclana-2018\/patrocinadores\/webempresa\/\" \/>\n<meta property=\"og:locale\" content=\"es_ES\" \/>\n<meta property=\"og:type\" content=\"article\" \/>\n<meta property=\"og:title\" content=\"Patrocinador BRONCE: Webempresa - openzink day Chiclana 2018\" \/>\n<meta property=\"og:description\" content=\"Hosting confiable para WordPress creado con mucho cari\u00f1o. Sabemos que cualquier persona que monta una web, una tienda online o un blog, deposita toda su ilusi\u00f3n, recursos y tiempo en que su proyecto salga adelante. Nosotros aportamos la confianza de que todo ir\u00e1 bien. \u00bfEst\u00e1s list@ para lanzar tu mensaje al mundo? \ud83d\ude42 UNA CULTURA &hellip; Sigue leyendo Patrocinador BRONCE: Webempresa\" \/>\n<meta property=\"og:url\" content=\"https:\/\/www.openzink.org\/openzink-day-chiclana-2018\/patrocinadores\/webempresa\/\" \/>\n<meta property=\"og:site_name\" content=\"openzink day Chiclana 2018\" \/>\n<meta property=\"article:modified_time\" content=\"2018-11-29T08:42:11+00:00\" \/>\n<meta property=\"og:image\" content=\"https:\/\/www.openzink.org\/openzink-day-chiclana-2018\/wp-content\/uploads\/sites\/2\/2018\/10\/logo-webempresa-300x165-.png\" \/>\n\t<meta property=\"og:image:width\" content=\"300\" \/>\n\t<meta property=\"og:image:height\" content=\"165\" \/>\n<meta name=\"twitter:card\" content=\"summary_large_image\" \/>\n<script type=\"application\/ld+json\" class=\"yoast-schema-graph\">{\"@context\":\"https:\/\/schema.org\",\"@graph\":[{\"@type\":\"WebSite\",\"@id\":\"https:\/\/www.openzink.org\/openzink-day-chiclana-2018\/#website\",\"url\":\"https:\/\/www.openzink.org\/openzink-day-chiclana-2018\/\",\"name\":\"openzink day Chiclana 2018\",\"description\":\"e-commerce, marketing digital y negocios online\",\"potentialAction\":[{\"@type\":\"SearchAction\",\"target\":\"https:\/\/www.openzink.org\/openzink-day-chiclana-2018\/?s={search_term_string}\",\"query-input\":\"required name=search_term_string\"}],\"inLanguage\":\"es\"},{\"@type\":\"ImageObject\",\"@id\":\"https:\/\/www.openzink.org\/openzink-day-chiclana-2018\/patrocinadores\/webempresa\/#primaryimage\",\"inLanguage\":\"es\",\"url\":\"https:\/\/www.openzink.org\/openzink-day-chiclana-2018\/wp-content\/uploads\/sites\/2\/2018\/10\/logo-webempresa-300x165-.png\",\"width\":300,\"height\":165,\"caption\":\"Patrocinador bronce: webempresa\"},{\"@type\":\"WebPage\",\"@id\":\"https:\/\/www.openzink.org\/openzink-day-chiclana-2018\/patrocinadores\/webempresa\/#webpage\",\"url\":\"https:\/\/www.openzink.org\/openzink-day-chiclana-2018\/patrocinadores\/webempresa\/\",\"name\":\"Patrocinador BRONCE: Webempresa - openzink day Chiclana 2018\",\"isPartOf\":{\"@id\":\"https:\/\/www.openzink.org\/openzink-day-chiclana-2018\/#website\"},\"primaryImageOfPage\":{\"@id\":\"https:\/\/www.openzink.org\/openzink-day-chiclana-2018\/patrocinadores\/webempresa\/#primaryimage\"},\"datePublished\":\"2018-10-29T10:04:13+00:00\",\"dateModified\":\"2018-11-29T08:42:11+00:00\",\"inLanguage\":\"es\",\"potentialAction\":[{\"@type\":\"ReadAction\",\"target\":[\"https:\/\/www.openzink.org\/openzink-day-chiclana-2018\/patrocinadores\/webempresa\/\"]}]}]}<\/script>\n<!-- \/ Yoast SEO plugin. -->","_links":{"self":[{"href":"https:\/\/www.openzink.org\/openzink-day-chiclana-2018\/wp-json\/wp\/v2\/pages\/969"}],"collection":[{"href":"https:\/\/www.openzink.org\/openzink-day-chiclana-2018\/wp-json\/wp\/v2\/pages"}],"about":[{"href":"https:\/\/www.openzink.org\/openzink-day-chiclana-2018\/wp-json\/wp\/v2\/types\/page"}],"author":[{"embeddable":true,"href":"https:\/\/www.openzink.org\/openzink-day-chiclana-2018\/wp-json\/wp\/v2\/users\/3"}],"replies":[{"embeddable":true,"href":"https:\/\/www.openzink.org\/openzink-day-chiclana-2018\/wp-json\/wp\/v2\/comments?post=969"}],"version-history":[{"count":6,"href":"https:\/\/www.openzink.org\/openzink-day-chiclana-2018\/wp-json\/wp\/v2\/pages\/969\/revisions"}],"predecessor-version":[{"id":1192,"href":"https:\/\/www.openzink.org\/openzink-day-chiclana-2018\/wp-json\/wp\/v2\/pages\/969\/revisions\/1192"}],"up":[{"embeddable":true,"href":"https:\/\/www.openzink.org\/openzink-day-chiclana-2018\/wp-json\/wp\/v2\/pages\/29"}],"wp:featuredmedia":[{"embeddable":true,"href":"https:\/\/www.openzink.org\/openzink-day-chiclana-2018\/wp-json\/wp\/v2\/media\/920"}],"wp:attachment":[{"href":"https:\/\/www.openzink.org\/openzink-day-chiclana-2018\/wp-json\/wp\/v2\/media?parent=969"}],"curies":[{"name":"wp","href":"https:\/\/api.w.org\/{rel}","templated":true}]}}